ppose 7344 = d*b + 456. List the prime factors of b.
2, 41
List the prime factors of (-823224)/(-14) + (-1952)/(-854).
2, 61, 241
Let o(j) = 206*j + 332. Suppose 4*r - 2*r = 2*n + 6, 4*r = -5*n + 48. List the prime factors of o(r).
2, 887
Let z = 25 - 17. Let j(h) = -h**3 + 4*h**2 + h - 14. Let g(s) = -s**3 + 3*s**2 + 3*s - 14. Let p(r) = 3*g(r) - 4*j(r). What are the prime factors of p(z)?
2, 59
Let d(r) = 481*r**2 - 117*r + 74. List the prime factors of d(6).
2, 7, 149
Let s = -759 - -821. Suppose -67*y + s*y = -6250. List the prime factors of y.
2, 5
Suppose -4*q = 10*q - 42. Suppose 3*h = -2*i + 631, 0*h = q*i - 2*h - 953. Suppose -i = -4*o - 5. List the prime factors of o.
2, 3, 13
Suppose n = 9*n - 5592. Let s = -441 + n. Let v = -120 + s. What are the prime factors of v?
2, 3, 23
Suppose -22*w = -w - 3528. Suppose 3*c + 5*f - 184 = 2*c, c - w = 3*f. List the prime factors of c.
2, 3, 29
Suppose -2*i = 2*n - 14843 - 71, 0 = -3*n - 4*i + 22368. List the prime factors of n.
2, 5, 373
Let p = 15351 + -15043. List the prime factors of p.
2, 7, 11
Suppose 5*y = -20, -11 = -4*f + f - y. Suppose f*c - 7*c = -4. Suppose -5*r + 77 = w, -c*r - 2 - 2 = 0. List the prime factors of w.
3, 29
Let f = 86976 - 6746. What are the prime factors of f?
2, 5, 71, 113
Suppose 6*z + 21 = 45. What are the prime factors of ((-22)/z)/((-62)/10044)?
3, 11
Suppose 0 = 5*h - t + 37, 3*h + 5*t = 8*h + 45. Let x be (5 + -4 - h)*1. Suppose x*j - 590 = 642. List the prime factors of j.
2, 7, 11
Let q = 9076 + -4398. What are the prime factors of q?
2, 2339
Suppose -109*a + 2342897 = 20*a - 28*a. List the prime factors of a.
23197
Suppose 5*t + 105 = 940. Let i(n) = -8*n + 4. Let b be i(5). Let c = b + t. What are the prime factors of c?
131
Let d = 38 + -35. Suppose d*a - 8*a - 75 = 0. Let m = 39 + a. What are the prime factors of m?
2, 3
Let n = -308 - -21. List the prime factors of (n/(1 - -6))/((-1)/13).
13, 41
Let y = -44 - -40. Let c(m) = m**3 + 5*m**2 + m - 12. Let q be c(y). Suppose q = b - 4 - 158. What are the prime factors of b?
2, 3
Let a(z) be the second derivative of z**5/10 - z**4/12 + 3*z**3/2 + 9*z**2/2 - 59*z + 3. What are the prime factors of a(8)?
3, 347
Let s = 14125 + 9685. What are the prime factors of s?
2, 5, 2381
Suppose 5139 = 8*j + 1643. Suppose 3*k + 133 = t - 84, -2*t + j = -5*k. List the prime factors of t.
2, 113
Let x = -5078 + 13109. What are the prime factors of x?
3, 2677
Let v(o) = o**3 - o**2 + o + 3. Let m be 0*(1/5 - (-42)/(-35)). Let l be v(m). Suppose -l*p = 4*q - 391, 5*q - 439 = 4*p + 11. What are the prime factors of q?
2, 47
Suppose -2*f = -3*x - 185 - 94, f = -x - 93. List the prime factors of (-23033)/x - 8/(-6).
3, 83
What are the prime factors of (-305)/(-10)*2510 - (-10)/(-1)?
3, 5, 7
Let i = 444 - 437. Suppose 5*y = -2*d + i*y + 442, -2*d + 462 = 3*y. List the prime factors of d.
3, 5
Suppose 7*d - 3*d + 744 = 0. Let x = d - -427. What are the prime factors of x?
241
Suppose -19*b = -6*b + 73*b - 1617488. What are the prime factors of b?
2, 2351
Let r = 14383 + -3200. List the prime factors of r.
53, 211
Let l = -24147 + 39421. List the prime factors of l.
2, 7, 1091
Let y(b) = -b**2 - 8*b - 11. Let j be y(-4). Suppose 1420 = 5*f - 5*m, j*f - 854 - 568 = 4*m. List the prime factors of f.
2, 11, 13
Suppose -3*p - h = -14972, -3 + 1 = 2*h. What are the prime factors of p?
7, 23, 31
Let k(a) be the first derivative of 4*a**2 + 12*a - 35. Suppose 40 = 5*r - 15. List the prime factors of k(r).
2, 5
Let d(l) = 68*l**2 + 37*l + 601. What are the prime factors of d(-17)?
2, 11, 223
Let c(i) = 6*i - 39. Let t(b) = -4*b**2 - 39*b - 9. Suppose -17 - 28 = 5*m. Let h be t(m). What are the prime factors of c(h)?
3, 23
List the prime factors of (9 + 2209)*(7 + -6).
2, 1109
Let i(s) = -s**2 + 36*s + 48. Let t be i(37). Suppose t = 4*k - 529. List the prime factors of k.
3, 5
Suppose 0 = -5*m - 3*g - 11, 3*m = -0*g + g - 15. Let w be -22*((-34)/m + (8 - 5)). Let t = -162 - w. List the prime factors of t.
7, 13
Let g be 2/(-3) + 25/(-3). Let p = -6137 + 6167. What are the prime factors of (p/g + 0)/(4/(-318))?
5, 53
Suppose -5*h + 55524 = -115756. List the prime factors of h.
2, 2141
Suppose 4*f + 21*n - 20*n = 20433, 6*f = n + 30647. What are the prime factors of f?
2, 1277
Let b(u) = u**2 + 7*u + 18. Let y be b(-9). Let p = -27 + y. List the prime factors of p/27 - 382/(-6).
2
Let g = -11287 - -16703. What are the prime factors of g?
2, 677
Let d(i) = i - 1. Let s be d(8). Suppose 5*f - s*f = -6. Suppose 5*q + 220 = -0*b + 5*b, f*b - 5*q = 138. What are the prime factors of b?
41
What are the prime factors of ((-92)/69)/(56/(-442806))?
13, 811
Let a be 3 - ((-10)/1 - -3). Let h = 35 - a. Let u = 34 - h. List the prime factors of u.
3
Suppose 0 = -45*r + 36*r + 2745. Suppose l = 2*f - 565, 3*f + 5*l = 4*f - r. What are the prime factors of f?
2, 5, 7
Let u(b) = 14*b - 22. Let m be u(5). Let g(i) = 39 + i + i**2 - i - m + i. What are the prime factors of g(-15)?
3, 67
Suppose -2*s - 5*s + s = 0. Suppose s = 5*d - 9*d + 8. Suppose r = -2*p + 62, 0*r + 64 = d*p + 2*r. What are the prime factors of p?
2, 3, 5
Suppose 5*k - 2*t - 50 = -13, -3*k + 2*t + 19 = 0. Suppose -f - 2*h = 1, -4*f + 2*h - 33 = -k. Let w = f - -81. List the prime factors of w.
2, 19
Let o(y) = -55*y + 632. What are the prime factors of o(-11)?
1237
List the prime factors of ((3175328/28)/26)/(4/14).
2, 17, 449
Let v(p) = 20*p**3 + p. Let y be v(1). What are the prime factors of (0 + 542)*y/42?
271
Suppose 8*k + 4*k = 11424. Let y = k - 639. List the prime factors of y.
313
Suppose t + 2*h + h + 384 = 0, -1521 = 4*t - 3*h. Let u = 668 + t. Let d = u - 39. What are the prime factors of d?
2, 31
Let w(c) = c**3 + 4*c**2 + 4*c + 4. Let h be w(-2). Suppose -s = -2*q + 6*q - 25, 4*q = h. Let v = s - -137. List the prime factors of v.
2, 79
Let d be 13/(130/(-24))*30. Let p = 72 + d. Suppose p*w + 7*w - 322 = 0. What are the prime factors of w?
2, 23
Suppose -22*v + 23*v = 49. Let k = v - 55. What are the prime factors of 4*1*k/3*-19?
2, 19
Let x(t) = t + 9. Let o(f) = 7*f + 24. Let c(q) = q + 1. Let k(u) = -5*c(u) + o(u). Let b(r) = -2*k(r) + 5*x(r). What are the prime factors of b(14)?
3, 7
Suppose 0 = -127*r + 142*r - 59205. What are the prime factors of r?
3947
Suppose -2*v - 99*m + 3 = -100*m, 0 = 5*v + 5*m - 15. Let j be (-1)/2 - (-282)/4. Suppose 0 = -v*g + g + j. List the prime factors of g.
2, 5, 7
Let z(f) be the third derivative of 37*f**4/24 + 69*f**3/2 - 110*f**2. What are the prime factors of z(11)?
2, 307
Suppose -5*m = -54*t + 51*t + 6801, 0 = t - m - 2269. List the prime factors of t.
2, 71
List the prime factors of (-2751042)/14*1/(-3).
17, 3853
Suppose -126773 = -21*q - 12764. What are the prime factors of q?
61, 89
Let s(b) = -b**2 - 109*b + 247. What are the prime factors of s(-45)?
53, 59
Let i be 834/5*10/(-3). List the prime factors of 7/14*(-1)/(2/i).
139
Let p = 9134 - 3503. What are the prime factors of p?
3, 1877
Suppose -4*f - w = 4*w - 24, 0 = 2*f + 5*w - 22. Let u be 43*(1/(f/1))/1. Suppose r = m + u, -2*m = 4*r - 0*r - 172. What are the prime factors of r?
43
Suppose -i + 1 = -n, 5*i + 4*n + 18 = 50. Suppose 4*b - 15 - 225 = -i*a, 0 = 4*b - 3*a - 219. What are the prime factors of b?
3, 19
Suppose -7*i - 643 = -3751. Suppose -r = 18 - i. What are the prime factors of r?
2, 3, 71
Let g(a) = -24*a**2 - 2*a + 9. Let k(p) = 11*p**2 - 5. Let d(j) = -6*g(j) - 11*k(j). Let h(w) = -w**2 - 6*w - 2. Let l be h(-5). List the prime factors of d(l).
2, 61
Let y(o) = -1937*o + 616. What are the prime factors of y(-4)?
2, 3, 17, 41
Let o(t) = t**3 - 33*t**2 + 34*t - 62. Let q be o(32). What are the prime factors of 2889/7 - q/(-7)?
7, 59
Let f(m) = 2*m**3 - 13*m**2 - 32*m + 114. List the prime factors of f(21).
3, 151
Let q = 5 - -43. Let g be -2*(-3)/((-9)/q). What are the prime factors of g/6*5/((-80)/204)?
2, 17
Suppose -5*q - 5*h = -38470, 3*q + 10630 = 5*h + 33696. List the prime factors of q.
2, 3, 641
Let o(x) = -5*x + 257. Let h be (172/6)/((-72)/108). List the prime factors of o(h).
2, 59
Suppose 12 = 4*t + 5*z + 8, -5*t - 2*z + 22 = 0. List the prime factors of (t + 307)*(1 - -2).
3, 313
Let p = 7497 + -545. What are the prime factors of p?
2, 1